 h(-4)?
0
Let p(m) = -m**3 + 8*m**2 - 5*m - 11. Let x be p(7). Suppose -k = -2*t + 49, t - 11 = 2*k + x*k. What is the units digit of t?
6
Let l(k) = 4*k**2 + 4*k - 14. Let b be l(6). Let q = b - 88. What is the units digit of q?
6
Let s = -407 + 777. What is the tens digit of s?
7
Let n = -108 - -79. Let f = n - -78. What is the units digit of f?
9
Let x(n) = -n**3 + 26*n**2 + 26*n + 183. What is the units digit of x(27)?
6
Suppose -5*f + j + 15 = 2, 0 = -2*f - 4*j - 8. Suppose 0*n = 3*n - 2*a - 79, -2*a = f*n - 36. Let t = n - 19. What is the units digit of t?
4
Suppose -5*l + 13 = 3. Suppose l*n = -4*n + 1128. What is the units digit of n?
8
Let u(q) be the first derivative of -q**2 - 2 + 8*q - 6 + 5 + 1. What is the units digit of u(-13)?
4
Let t(o) = 4*o - 5. Let g be t(7). Suppose -3*d = -u + 11, 3*u = -7*d + 2*d + 19. Let p = g - u. What is the units digit of p?
5
Let u(b) = 2*b - 1. Let j be u(2). What is the tens digit of 148/4 + (j - 1)?
3
Let t = 108 + -106. Suppose -736 = -4*p + 5*h, 0*p + t*p = 2*h + 366. What is the units digit of p?
9
Let i be (-7 - -9)/(4/(-354)). Let a = 250 + i. Let v = a - 48. What is the units digit of v?
5
Let d be (-6)/36 + 94/(-12). What is the units digit of d/(-2)*(-385)/(-20)?
7
Suppose 4*b + 376 = 4*d + b, 2*d = 2*b + 186. Suppose -x = -0*x + m - d, 0 = m - 1. What is the units digit of x?
6
Let f(p) = -8*p**2 - p**3 - 11 - 2 + 4 - 4*p. Let s be 2/(-5) - (-494)/(-65). What is the units digit of f(s)?
3
What is the units digit of (-138)/(-161) + (-2885)/(-7)?
3
Let s(n) = 10 - 4 + 3*n**2 + 4. What is the units digit of s(4)?
8
Let w = 11 - 7. Suppose 3*j = -3*g + 33, -w*g - 52 = -2*j - 0*g. What is the units digit of j?
6
Let s = 145 + -43. Suppose s = 8*q - 6*q. What is the tens digit of q?
5
Suppose -8*x = 4*x - 2376. What is the units digit of x?
8
Let b(h) = -2*h - 18. Let x be (-63)/6*1/(6/8). What is the units digit of b(x)?
0
Let w(x) = x**2 - 8*x + 14. Let g(o) = -3*o + 5. Let y be g(-4). What is the units digit of w(y)?
7
Let t = 4 - 1. Suppose -t*b - b + 276 = 0. Suppose 0 = 2*q + 2*y - 62, -3*y - b = -3*q - 0*q. What is the units digit of q?
7
Suppose -q + 2*p + 233 = 0, -5*q + 5*p = -738 - 407. What is the tens digit of q?
2
Suppose 3*i + 4*x - 4036 = 0, 19*i = 14*i - 2*x + 6750. What is the tens digit of i?
5
Let n(s) = -17*s - 9. Let o be n(-5). Suppose 0 = h + a - 46, 0 = -4*h - a + 108 + o. What is the tens digit of h?
4
Let w(j) = 15*j**3 + j**2 - 3*j + 5. Let g be w(2). Let d be ((-42)/9)/(-7)*g. Suppose -290 = -4*h - d. What is the units digit of h?
2
Suppose 9*z - 4*z = -v + 459, 2*v = -2*z + 958. What is the tens digit of v?
8
Let w(z) = 3*z + 3. Let c be w(-1). Suppose 10*i + 0*i - 1520 = c. What is the hundreds digit of i?
1
Let p(k) = -k**3 + k + 6. Let d = 21 + -21. What is the units digit of p(d)?
6
Suppose 1 = -4*x + 21. Suppose -281 = -x*f + 569. What is the tens digit of f?
7
Suppose 2*j + 2*j - 2 = 2*i, 4*i + 4 = j. What is the tens digit of (-4)/(12/(-495)) - (i - 2)?
6
Suppose 0 = -4*y + 20, -4 = -5*q + 4*y + 26. Let a(f) = -f - 6. Let t be a(6). What is the units digit of (t/q)/((-9)/210)?
8
Let p(s) = -s**3 + 8*s**2 + s - 3. Suppose -4 = 24*g - 25*g. What is the units digit of p(g)?
5
Let j(a) be the first derivative of -a**4/4 + 13*a**3/3 - 9*a**2 - 2*a - 2. What is the units digit of j(11)?
2
Let b = 39 + -39. Suppose -4*i - 3*z + 520 = b, 0 = 4*i - 0*z + 2*z - 520. What is the units digit of i?
0
Suppose 5*a = 2*f + 9821, 3932 = 28*a - 26*a - 2*f. What is the hundreds digit of a?
9
Let b(r) be the second derivative of -r**3/6 - r**2/2 - 6*r. Let c be b(-1). Suppose c = -3*l + 16 + 17. What is the units digit of l?
1
Suppose 0 = 2*r + 3*r + 4*p - 27, 3 = 2*r - p. Let n(m) = 11*m**2 + 3*m + 1. What is the tens digit of n(r)?
0
Let r = -13 + 16. Suppose r*f + 1 = -29. Let u(s) = -s**2 - 13*s + 10. What is the tens digit of u(f)?
4
Let j(h) be the first derivative of 20*h**3/3 - h - 54. Let o(a) = -a - 3. Let d be o(-4). What is the tens digit of j(d)?
1
Suppose 0 = 5*q - y - 17, 23 = 6*q - q - 4*y. Suppose -q*c + 3 = -2*c. Suppose m + 22 = -v + c*v, 5*m = -4*v + 58. What is the units digit of v?
2
Let k(a) = 272*a - 268. What is the thousands digit of k(7)?
1
Let k(m) be the first derivative of -m**3/6 + 9*m**2/2 + 9*m + 11. Let d(r) be the first derivative of k(r). What is the units digit of d(-5)?
4
Let x = -14 - -21. Suppose 2*d = x*d - 105. Let k = d - -27. What is the units digit of k?
8
Let f(t) = 76*t - 142. What is the units digit of f(9)?
2
Let y(d) = -d**2 - 13*d - 27. What is the units digit of y(-10)?
3
Suppose 24 = -0*r - 4*r. Let w be (-27)/r*8/12. Suppose -5*t - 2*b + 210 = 3*b, 0 = -w*b. What is the units digit of t?
2
Let v = 165 - 67. Let s be (-3)/(-6)*(4 + -4). Suppose s = -u + 2, q - u - v = -q. What is the units digit of q?
0
Suppose -1362*h + 8305 = -1357*h. What is the units digit of h?
1
Suppose 2*p + 1 - 5 = -2*m, 5*p - m = 22. Suppose c + 4*t = -7, -p*t - t - 15 = 0. Suppose 32 = -h + c*h. What is the units digit of h?
8
Let t(p) = 10*p**2 + 9*p - 8. What is the units digit of t(-6)?
8
Let v(j) be the third derivative of 1/120*j**6 + 1/12*j**5 - 1/8*j**4 + 6*j**2 + 0*j + 0 + j**3. What is the units digit of v(-5)?
1
Let c(n) = n**2 - 8*n + 5. Let j = 54 + -22. Let w = j + -23. What is the units digit of c(w)?
4
Let a(v) = -v**3 + 7*v**2 - 4. Let l be a(7). Let k be ((-20)/l - 1) + -2. Suppose -c = c + k*j - 8, -c + 6 = -j. What is the units digit of c?
5
Suppose -11 - 7 = -h. Let m = h + -14. Suppose -s + 195 = m*s. What is the units digit of s?
9
Suppose 5*t - 8205 = 2*l - 6*l, l = t - 1641. Suppose 9*h - t = 429. What is the units digit of h?
0
Suppose 5*u = 5*l - 4205, 0 = -2*l - l - 2*u + 2503. What is the units digit of l?
7
What is the units digit of (0 - 1)/(-6 + (-1193)/(-199))?
9
Let h = 9427 - 4957. What is the hundreds digit of h?
4
Suppose -5*x + 24 = -x. Suppose 0 = -4*r + x + 18. What is the units digit of r + (3 - 7) + 54?
6
Suppose -4*v - 91 - 54 = -3*n, 4*n + v - 168 = 0. Suppose -3*l - n - 20 = 0. What is the tens digit of 8/(-28) - 300/l?
1
Suppose 9*h + 3 = 10*h. Suppose 506 = h*m + 4*u, -4*u = 4*m - 6*u - 660. What is the hundreds digit of m?
1
Suppose 6*x + 2585 = x. Suppose 0 = 2*q + 2, 0 = 4*p - 3*p + 3*q + 1. What is the units digit of x/(-77) + p/7?
7
Let v(s) = 46*s - 68. What is the hundreds digit of v(20)?
8
Let w(q) = 219*q + 214. What is the tens digit of w(9)?
8
Suppose 393*b + 1364 = 397*b. What is the tens digit of b?
4
Let r = 178 - 46. What is the hundreds digit of r?
1
What is the tens digit of (((-2075*6)/(-5))/2)/1?
4
Let p(m) = 3*m**2 - 2. Suppose 3*q - 7*q = 24. Let o = q - -3. What is the units digit of p(o)?
5
Let z(v) = -v**2 + 9*v + 20. Let j be z(9). What is the tens digit of 15/j - 1/4*-121?
3
Let q = -1935 - -2995. What is the hundreds digit of q?
0
Suppose -22*z + 44250 - 14814 = 0. What is the hundreds digit of z?
3
Let y = 116 - 41. Suppose -24*t = -23*t - y. What is the units digit of t?
5
Let r be 30/4*(-144)/15. Let z = 21 - 5. What is the units digit of (r/z)/((-3)/16)?
4
Let w(j) = 7*j - 2. Let n be w(1). Suppose n*f - 5*r - 460 = 0, -2*f = -4*r - 230 + 36. What is the units digit of f?
7
Let t(l) = 15 - 6 - 7*l - l**2 + 16*l. What is the units digit of t(9)?
9
Let b(p) = -12*p + 7. Let m be b(-9). Let d = m + 16. What is the hundreds digit of d?
1
Let t = -8 + 6. Let i be (3/6)/(t/(-48)). Suppose -4*x - 4*u + i = -2*u, 0 = -2*x + 5*u + 6. What is the units digit of x?
3
Let b(x) = -4*x - 16. Let f be b(-14). Suppose -f = a - 2*a. What is the tens digit of a?
4
Let k be (8/12)/(2/489). Let b = k - 96. What is the tens digit of b?
6
Let w(d) = -31*d + 1437. What is the hundreds digit of w(0)?
4
Let j(p) = -p**2 + 21*p + 14. Let o(z) = -5*z**2 + 85*z + 57. Let l(g) = -9*j(g) + 2*o(g). What is the units digit of l(-15)?
8
Let z be (-24)/(-2 - 0) - 2. Let k(v) = v - 22. Let t be k(z). What is the tens digit of 3/t*-2*44?
2
Suppose 3*b - 2*s - 2392 = -3*s, -2396 = -3*b - 2*s. What is the units digit of b?
6
Let v = -691 - -828. What is the hundreds digit of v?
1
Suppose 5*v - 3*v - 170 = 0. Let m = 126 - v. What is the tens digit of m?
4
Let z(u) = -u**3 + 45*u**2 - 82*u + 102. What is 